*w**2. Let x be v(-1). Let g(d) = x*u(d) - 5*a(d). List the prime factors of g(7).
2
Let u = -169 - -251. List the prime factors of u.
2, 41
What are the prime factors of (-358)/((-7)/((-7)/(-2)))*1?
179
Let z(f) = -f**2 + f + 193. Let i be z(0). Suppose -i + 13 = -3*x. Suppose -3*l + x = -2*w + 8, 0 = 4*l + w - 51. What are the prime factors of l?
2, 7
Suppose -6*j + j = 20. Let i be j/(-4 + 4/2). Suppose 0 = -2*v - i*v + 40. List the prime factors of v.
2, 5
Let r = 20 - 18. Suppose -4*x + 118 = r. List the prime factors of x.
29
Suppose -2*t - 6 = 24. Let q = 11 + t. Let g = q + 6. List the prime factors of g.
2
Let a(d) = 1 - 20*d + 0*d - 2*d. List the prime factors of a(-1).
23
Suppose 0 = -3*o + 4*y + 11, o - 5*y = -y + 1. Suppose -o = g - 0*g. Let f = g - -17. What are the prime factors of f?
2, 3
Let t be -1*(-3)/(-3)*-3. Suppose -4*v + v - 84 = -5*p, -12 = -p + t*v. What are the prime factors of p?
2, 3
Suppose 2*j + 2*j + 12 = 0. List the prime factors of 2/j*228/(-8).
19
Suppose 0 = -0*t - 2*t + 34. What are the prime factors of t?
17
Let d(l) = 3*l - 7. What are the prime factors of d(3)?
2
Suppose 4*f - 2*d - 10 = 0, 5*f - 2*d + 3*d - 9 = 0. Suppose -4 = -i, s + 28 = f*s + 5*i. List the prime factors of s.
2
Let f be (-2)/(-3) + 40/(-6). Let q = f - -14. What are the prime factors of q?
2
Suppose -2*s - 65 = 39. Let g = 88 + s. List the prime factors of g.
2, 3
List the prime factors of 1 + -3 + (-26)/(-1).
2, 3
Suppose 2*c = 5*m + 11, 6*c + 2*m + 16 = c. Let o be 84 + c + -2 + 0. Suppose -o = -4*u - 2*p + 5*p, 3*p = -4*u + 104. List the prime factors of u.
23
Let n = -354 - -569. What are the prime factors of n?
5, 43
Let u be (-1)/(-5) + (-1422)/(-90). Let s = -1 - -6. Suppose 0 = 3*y + j - 10, -3*y + u = s*j - 10. List the prime factors of y.
2
Suppose 6*w = 2*t + 2*w - 98, -w - 263 = -5*t. What are the prime factors of t?
53
Let y(w) = 285*w**2 - w. List the prime factors of y(-1).
2, 11, 13
Let g be 1/(-2)*(-5 - -1). Let m(q) = 0*q + 1 - 4*q**2 + q**3 + 3*q**2 + q. List the prime factors of m(g).
7
Let a = 17 - 12. Let j = 7 - 2. Suppose 7 = m - 3*u, a*u - 63 = 2*m - j*m. List the prime factors of m.
2
Let m be (4 + 0)/(1/2). Let l(x) = x - 5. List the prime factors of l(m).
3
Suppose -14 = 4*o + 14. Let s be (6 + o)*(-2 + 1). Let u = 4 + s. List the prime factors of u.
5
Let b = -10 - -46. What are the prime factors of b?
2, 3
Let k(m) be the first derivative of 2*m**3/3 + 4*m**2 + 12*m + 4. What are the prime factors of k(-5)?
2, 11
Suppose 3*y - 3*d = 15, y - 2*d = 3*y + 2. Suppose -37 = -2*b + y*g + g, 2*b + 3*g = 7. List the prime factors of b.
11
Let m(b) = b**3 - 6*b**2 - 9*b + 10. Let c be m(8). Suppose 0 = 4*f - f - c. List the prime factors of f.
2, 11
Let g(o) = -o**2 - 3*o**2 - 2 - o**2 + 4*o + 6*o**2. List the prime factors of g(-5).
3
Suppose 0 = 2*i + 22 - 94. Suppose -3*r + 36 = 3*b, -3*b = r + 4 - i. List the prime factors of b.
2, 5
What are the prime factors of 310/4 - (-3)/(-2)?
2, 19
Let h = -10 + 53. List the prime factors of h.
43
Let m(i) = i + 6. Let k be m(-7). Let j be ((1 - -6)/k)/1. Let s(x) = -x**3 - 8*x**2 - 9*x - 2. List the prime factors of s(j).
2, 3
Let r = -53 - -99. List the prime factors of r.
2, 23
Let z(d) = -2*d**3 + 6*d**2 + 6*d - 13. Let x(a) = -a**3 + 3*a**2 + 3*a - 7. Let u(o) = -11*x(o) + 6*z(o). List the prime factors of u(3).
2
Suppose -10 = -7*v + 2*v. Suppose 21 = f + v*f. Let n(c) = c**2 - 5*c - 2. List the prime factors of n(f).
2, 3
Let g = -3 - -5. Let k be (78/(-12))/(g/(-4)). List the prime factors of 0/(-1 + -2) + k.
13
Let t(g) = 3*g - 5. Let o be t(-3). Let y = 8 - o. What are the prime factors of y?
2, 11
Suppose 0 = -5*y + 6*y - 2. Suppose -y*q = -3*q + 7. What are the prime factors of q?
7
Suppose -4*p - 2*y + 58 = 0, 2*p + 4*y + 1 - 33 = 0. Let d = 31 - p. List the prime factors of d.
17
Let s(w) = w**3 - w**2 - 2*w + 2. Let c(f) = -f. Let z be c(-2). Let l be s(z). Suppose -10 = -l*i + 8. What are the prime factors of i?
3
Suppose -5*s - 18 + 44 = 4*a, 4*s - 4*a = -8. Suppose -11 = -s*j + 11. List the prime factors of j.
11
Suppose -2 - 1 = -n. Let a be (1*(1 - 1))/(-3). Suppose -n*i + 2*i + 5 = a. What are the prime factors of i?
5
Suppose d + d = -12. Let c(x) = x**3 + 6*x**2 - 3*x - 3. Let z(v) = -2*v**3 - 12*v**2 + 6*v + 7. Let b(o) = 5*c(o) + 2*z(o). What are the prime factors of b(d)?
17
Suppose -4*i - m = -26 - 11, 0 = i - 4*m - 5. Suppose 3*z + 0 = i. Suppose 0*p - 12 = -z*p. What are the prime factors of p?
2
Let c(p) = -19*p**2 + 3. Let h(k) = 10*k**2 - 2. Let o(j) = 3*c(j) + 5*h(j). Let a be o(-2). Let l = a + 41. List the prime factors of l.
2, 3
Suppose -4*b - l = -556, b - 148 = 10*l - 8*l. What are the prime factors of b?
2, 5, 7
Let h(o) = -2*o**2 - 5*o + 8. Let r(a) = a**2 + 6*a - 8. Let y(p) = 2*h(p) + 3*r(p). Let s be y(6). Let x = s - -2. What are the prime factors of x?
2, 3
Let d be 25/(-4) - 5/(-20). Let x = -4 - d. Suppose l = -l + 3*p + 49, 14 = x*l + 4*p. What are the prime factors of l?
17
What are the prime factors of (-8)/(-3)*(7 - -5)?
2
Let t(j) = -4*j + 5*j - 4*j - j**2 + 8 - 3*j. Let i be t(-7). What are the prime factors of (6/12)/(i/14)?
7
Suppose -14 - 16 = -6*j. What are the prime factors of j?
5
Suppose -15 = -m - 2*m. Suppose -5*o = -4*b - 6 - 28, o - 2 = -4*b. Suppose h - m = o. List the prime factors of h.
11
Let y = 3 - 1. Suppose 0*i = 3*i + 4*j - 86, -y*i = 2*j - 54. What are the prime factors of i?
2, 11
List the prime factors of 2*(-69)/(-6) - (0 - 3).
2, 13
Let j = -19 + 64. Let f = j + -28. List the prime factors of f.
17
Suppose 0 = 2*h - 3 - 53. Let b be (-8)/h - 66/14. Let f = b + 17. List the prime factors of f.
2, 3
Suppose -4*y = -6*a + 4*a - 12, y + 3*a - 3 = 0. Suppose y*r + i = 67, 3*r + 0*i - 75 = -3*i. What are the prime factors of r?
3, 7
Suppose -135 = -5*v - 4*h, -v = -3*v - 4*h + 42. List the prime factors of v.
31
Let g(h) = 6*h**2 + 3*h - 4*h**2 + 7*h. What are the prime factors of g(-7)?
2, 7
Suppose -2*t = t - 6. Suppose 2*q = -t*q + 8. List the prime factors of q.
2
Suppose -4*c - 5*o = -3*o - 112, 3*c - 4*o = 62. What are the prime factors of c?
2, 13
Let n be (-3 - 3)*2/(-4). Let u(w) = w - 1. Let z be u(n). Suppose -3*g + z = 4*r, 6 = -g - 3*r - 0*r. List the prime factors of g.
2, 3
Suppose 0 = -4*c + 2*c. Suppose 45 = 3*j - c*j + 3*v, 5*j = -3*v + 71. What are the prime factors of j?
13
List the prime factors of 22 - 24 - -2*96.
2, 5, 19
Let k(p) = -55*p + 1. What are the prime factors of k(-1)?
2, 7
Let b(j) = j**2 - 4*j - 3. Let p be b(5). Let o be p/(-4) - (-1)/2. Suppose o = 5*q - l - 76, 0 = -4*q + 4*l - 9*l + 55. List the prime factors of q.
3, 5
List the prime factors of (-4)/1 + 168/7.
2, 5
Suppose 0 = -5*u + 5*b + 125, -2*b + 5*b = u - 29. What are the prime factors of u?
23
Suppose 0*q + 4*q = 16. Suppose 0 = -q*s + 2*s + 22. List the prime factors of s.
11
Suppose 2*h - 1 - 9 = 0. Suppose y - h*y = -40. List the prime factors of y.
2, 5
Let n = -5 + 4. Let x be n/(-2) + 28/(-8). Let f(v) = -v**3 + 5*v + 4. List the prime factors of f(x).
2
Let a = -9 + 214. List the prime factors of a.
5, 41
Let a be (2 - 0)/(-2) - 0. Let s be 1 - 1 - (1 + a). Suppose s*h = -h + 4. What are the prime factors of h?
2
Suppose 2*d - 3 = r, d - 4*r - 11 = 1. Suppose s = -b - d*s + 24, -5*b + 120 = -s. List the prime factors of b.
2, 3
Let g(x) = x**3 + 10*x**2 - x + 4. Let z be g(-5). Suppose 4*i - z = 38. What are the prime factors of i?
43
Suppose -12*j - 588 = -19*j. List the prime factors of j.
2, 3, 7
Suppose f + f + 131 = 3*k, 3*k - 166 = -5*f. What are the prime factors of k?
47
What are the prime factors of 136/(2 + -1) + 1?
137
Let j be -3*(2 + 0) - -2. List the prime factors of (-109 - 1)/(-2) + j.
3, 17
Let i be (-2)/(-2) - (-8 - -6). Suppose 4*u - 83 = -3*f, 7*u = -i*f + 2*u + 88. What are the prime factors of f?
3, 7
Let m be (5/(-2))/((-4)/112). Suppose -10 = -i + 5*u, -4*i + u + 4*u = -m. What are the prime factors of (-1)/1*-1 + i?
3, 7
Let b be 4/6 + (-2)/(-6). Suppose -2*d = b - 3. List the prime factors of 13/((0 - d) + 2).
13
What are the prime factors of (0 - 3 - -3) + 66?
2, 3, 11
Suppose 5*s = -4*i + 23 - 1466, 288 = -s - i. What are the prime factors of s/(-27) + 2/9?
11
S